
Let b(y) = y**3 + 65*y**2 + 33*y - 883. List the prime factors of b(-64).
3, 367
Suppose -28*o + 2*o = -30524. Suppose 0 = 3*u - 4*r - 4831, -u - 3*r = -419 - o. List the prime factors of u.
3, 5, 107
Suppose -3*q = g - 52, -5*q + 5*g + 27 + 33 = 0. Let r(s) = -4 + s**3 + 4*s**2 + 7*s**2 + q*s - 2 + 0*s**2. List the prime factors of r(-7).
2, 3, 13
Let h be (-67)/(-4) + (-5)/(-20). Suppose -14*u = -h*u + 1212. List the prime factors of u.
2, 101
Suppose z + 32151 = 2*f, -5*f + 3*z - 80361 = -10*f. List the prime factors of f.
2, 3, 19, 47
Suppose -12 = 2*t + 4*s, -5*t - 1 = 3*s - 6. Suppose t*u + 348 - 2100 = 0. What are the prime factors of u?
2, 3, 73
Let w = -1589 + -401. Let m = -509 - w. What are the prime factors of m?
1481
What are the prime factors of 8/((-128)/(-8)) - (105060/(-8) - 0)?
23, 571
Suppose 39*x = 2*d + 38*x - 21, 0 = d + 3*x + 7. Suppose -d*s = -52*s + 1056. List the prime factors of s.
2, 3
Suppose -7*s = -3*s + 60. Let u be ((-95)/s - 2)*39. Let q = 408 - u. What are the prime factors of q?
239
Let s = -179 - -112. Suppose -2*k + 16 = 2*k. Let j = k - s. List the prime factors of j.
71
Let j(p) be the second derivative of 95*p**3/3 - 9*p**2/2 + 4*p - 9. What are the prime factors of j(2)?
7, 53
Suppose 0*i - 5*b + 161 = 3*i, -2*i + 2*b + 86 = 0. Suppose 0 = -58*g + i*g + 649. What are the prime factors of g?
59
Let w(x) = x**2 - x - 4. Let u be w(-8). Suppose 4*g = -436 - u. List the prime factors of (-23030)/g + (-2)/(-9).
3, 61
Suppose 53299 = 4*q + a, 2*a + 7 + 3 = 0. What are the prime factors of q?
2, 3, 2221
Suppose 3*o + 4*j - 5137 = 0, 8333 = 7*o + 3*j - 3647. What are the prime factors of o?
29, 59
Let i be -5*(-14)/(-385) + 2/11. What are the prime factors of 304*1*(0 + 2 + i)?
2, 19
Suppose r = 4*m + 20, m + 16 = 3*r - 0*m. Let u be ((-10)/20)/((-1)/r). Suppose -k + 5*z - 22 = -4*k, k = u*z. List the prime factors of k.
2
Suppose 3*u - 27 = -4*r, 0 = 25*r - 21*r + 2*u - 22. List the prime factors of 5 - (-6 + (-30)/(-6))*r.
2
Let w be (-3)/((-2)/2) + (-959868)/(-84). What are the prime factors of -3*(-3 + w/(-27))?
1279
Let i(o) = -o**3 - 8*o**2 - 2*o - 23. Let b be i(-8). Let g = 97 - b. List the prime factors of g.
2, 13
Let r(y) = y**3 + 7*y**2 + 11*y - 10. Let m be r(-4). List the prime factors of (294/56)/(m/(-1208)).
7, 151
Suppose -24616131 - 3479244 = -385*y. What are the prime factors of y?
3, 5, 7, 139
Let g(h) = 10*h + 5. Let d be g(5). Let w = d - -43. List the prime factors of w.
2, 7
Suppose m = -0*f + 4*f - 7, -5*f = -4*m + 5. Suppose 3*l = -f*z + 7*l + 135, -5*z + 3*l = -236. Suppose r + z - 51 = 0. List the prime factors of r.
2
Suppose 3*y + 3*y = 30. Let r be (-6)/(-15)*y + -38. Let z = -7 - r. What are the prime factors of z?
29
Let u(h) = 37*h**2 - 9*h + 33. What are the prime factors of u(-13)?
19, 337
Let u(s) be the second derivative of -s**4/6 + 38*s**3/3 - 37*s**2 - s - 50. List the prime factors of u(36).
2, 5, 7
Let p(t) = -t**3 + 20*t**2 + t - 20. Let s be p(20). Suppose -3*u + 0*u = -2*b + 36, s = 3*b - 3*u - 57. List the prime factors of b.
3, 7
Suppose 0*j = 4*j - 20. Suppose 220 + 370 = a - j*h, -2*a - 2*h + 1120 = 0. What are the prime factors of a?
5, 113
Suppose 940 = -k + 6*k. Suppose -18*q - 4160 = -44*q. Suppose -k = -2*b + 5*v, -2*b - 2*v + q = -0*v. List the prime factors of b.
2, 3, 7
What are the prime factors of 232515/30*((-6)/(-3))/1?
3, 5167
Let u be (55/(-10))/(-11)*960. Let y = 808 - u. What are the prime factors of y?
2, 41
Let d = 599 - 832. Let r = d - -1131. List the prime factors of r.
2, 449
Suppose 0 = -2*l + w + 14 - 5, 2*l = 3*w + 15. Suppose 5*p + 25 = 0, 0 = 11*b - 13*b + l*p + 1589. What are the prime factors of b?
787
Suppose 3*l + 2*q - 199423 = 0, 34*l - 36*l = -2*q - 132972. List the prime factors of l.
7, 9497
Let f(n) be the first derivative of -n**4/4 + 2*n**3/3 + 5*n**2/2 - n + 9. Let a be f(-4). List the prime factors of 12/(-4) + a + 5.
7, 11
Let n(p) = 17*p**2 + 20*p - 50. What are the prime factors of n(-37)?
22483
Let r be (3 - (-4 - -4))/1. Suppose r*b = 5*b - 96. What are the prime factors of b?
2, 3
Let r(m) = 510 - 528 + m - 6*m**2 - 9*m**2 - 2*m**3 - 8*m. List the prime factors of r(-8).
2, 3, 17
Suppose 0 = -73*f + 217453 + 34470. What are the prime factors of f?
7, 17, 29
Let q = -37 - -29. Let h be (5/2)/((-28)/q + -3). Suppose -2*s + 60 = 5*r - h, 0 = -2*s - 3*r + 59. What are the prime factors of s?
5
Let k(l) = -1461*l**3 - 2*l. List the prime factors of k(-2).
2, 37, 79
Let j = 97961 + -59635. List the prime factors of j.
2, 19163
Suppose 4*d = 2*r + 5278, d = -4*r + 1118 + 170. List the prime factors of d.
2, 7, 47
Suppose -5*w + 5*g = g - 456, 2*w = -3*g + 164. Let d = 141 - w. List the prime factors of d.
53
Suppose 21*l + 131183 = 369302. What are the prime factors of l?
17, 23, 29
Let z = -6 + 12. Suppose 2 = -z*i + 32. Suppose 3*x = -5 - 1, 4*x - 527 = -i*q. List the prime factors of q.
107
Let y = -20706 + 33686. List the prime factors of y.
2, 5, 11, 59
Let m(g) = -5*g**2 + g**3 + 3 + 7*g + 0*g**3 - 3*g**2 - 2*g**2. Let c be m(10). Let a = 113 - c. List the prime factors of a.
2, 5
Suppose -35*w + 2825589 = 18*w. What are the prime factors of w?
3, 13, 1367
Let l be 1*-7*((-1)/(-1) - -2). Let f = 10 + l. List the prime factors of -1 + f/((-33)/288).
5, 19
Let z(l) = 0*l + 60 - 12*l + 3*l. Let y = 0 - 8. List the prime factors of z(y).
2, 3, 11
Let z = 30604 - 10836. Suppose 30*b = 8642 + z. List the prime factors of b.
947
Let y = -64 - 142. Let s = 427 + y. What are the prime factors of s?
13, 17
Let p(z) = -z**3 + 9*z**2 - 9*z + 12. Let c be p(8). Suppose c*h = -293 + 873. List the prime factors of h.
5, 29
Let i be 1/3 - (-24720)/144. Let w be 10*((-12)/(-20) + 0). Suppose 1018 - i = w*q. List the prime factors of q.
3, 47
Suppose -6*r - t - 625 = -r, 2*r = -3*t - 250. Let w = 297 + r. Suppose n + 3*g - 2*g = 88, 0 = -2*n - 3*g + w. What are the prime factors of n?
2, 23
Let w(y) = 297*y - 1. Let l(r) = 296*r - 2. Let a(u) = -3*l(u) + 4*w(u). Let t be a(2). Suppose 2*x = 6*x - 3*k - 493, 5*x + k = t. List the prime factors of x.
11
Let c(k) = -2*k + 14. Let d be c(6). Let o(l) = -7*l + 44. Let b be o(6). Suppose -b*u = d - 102. What are the prime factors of u?
2, 5
Let o be (32 - 28)*3/4. Suppose 5*f + 4*u - 1170 = -u, -o*f + u = -714. Let c = f + -84. What are the prime factors of c?
3, 17
Let r = -58053 - -81978. What are the prime factors of r?
3, 5, 11, 29
Suppose 0 = 22*w + 94 + 236. List the prime factors of -34*((-20)/(-30))/(2/w).
2, 5, 17
Let h be (-3 + 32/12)*(-3 + -1161). Let i = -12 + 23. Suppose -i*u - h = -15*u. List the prime factors of u.
97
Let t(d) = 601*d + 589. What are the prime factors of t(11)?
2, 3, 5
Let j(b) = -32*b - 28 + 3*b**2 - 2*b**2 + 34*b. Let w be j(-7). What are the prime factors of 13*w - (-2 + (-2)/2)?
2, 47
What are the prime factors of (123/(-6))/(-3*2 - (-32461)/5412)?
2, 3, 41
Suppose 0 = -12*z - 2*z + 25480. Let u = -1158 + z. What are the prime factors of u?
2, 331
What are the prime factors of 11980*(-52*2/32 - -8)?
5, 19, 599
Suppose -z = -n + 24, 2*z + 5*n - 3*n + 28 = 0. Let w be ((-12)/(-21))/(3/483). Let v = w - z. List the prime factors of v.
3, 37
Let y = -28 - -30. Suppose -2*j + 3*j - 3*k + 17 = 0, 0 = -y*j + k - 14. What are the prime factors of j/(-10) - (-434)/4?
109
Let o(j) = 4*j**3 - 10*j**2 - 5*j + 17. Let v be o(3). Let i(p) = 21*p + 1. What are the prime factors of i(v)?
421
Suppose 2*z - 169 = -9. Let v = 446 - z. What are the prime factors of v?
2, 3, 61
Let z be (-5)/(25/(-1)) - 1554/(-5). Suppose 4*l + m = 4096, -2*m - 722 = -l + z. Suppose 3*o - 8*o + l = 0. What are the prime factors of o?
5, 41
Let v be (4 - (-3)/(-3)) + -5. Let h(b) be the second derivative of -35*b**3/6 - 9*b**2/2 + 167*b + 1. What are the prime factors of h(v)?
61
Suppose 67*q + 44*q - 19850 - 67396 = 0. What are the prime factors of q?
2, 3, 131
Suppose -17*c + 125 = 8*c. Suppose 3*r = -5*k + 2114 + 960, -4*k = -c*r + 5111. What are the prime factors of r?
3, 11, 31
Suppose 0 = -5*v - 2*u + 158229, v - 31655 = 60*u - 65*u. List the prime factors of v.
5, 6329
Suppose 0 = -2*i + 9 + 115. Let s = i + -64. What are the prime factors of (3 - (s + 2)) + (-380)/(-4)?
2, 7
Let